t d = 214 + -201. What is the remainder when 272 is divided by d?
12
Suppose -26*u = -23*u - 36. Calculate the remainder when 74 is divided by u.
2
Suppose 4*p + 10 = -5*l, 4*p + 1 - 7 = 3*l. Suppose -3*z + z - 10 = p. What is the remainder when (-182)/z - (-4)/(-10) is divided by 10?
6
Suppose -t - 47 = -c, -165 - 41 = 4*t + 5*c. Let q = -23 - t. Calculate the remainder when 49 is divided by q.
23
Let r be (56/3)/((-10)/(-15) + -1). Let b = r - -67. Calculate the remainder when 96 is divided by b.
8
Let z = 1501 + -1210. Calculate the remainder when z is divided by 14.
11
Suppose -114*s = -714 - 1566. Let u = 3 - -3. Calculate the remainder when s is divided by u.
2
Let o(s) = -s**2 + 7*s - 5. Let z be o(6). What is the remainder when 30 is divided by z/(4 + 124/(-32))?
6
Let y(k) = 12*k + 48. Let h be y(-7). Let u = h - -88. What is the remainder when u is divided by 28?
24
Let f = -41 + 57. Let l = -26 + 28. Calculate the remainder when 21/l*8/3 is divided by f.
12
Let m(g) = 11*g**2 - 7*g - 19. What is the remainder when 4443 is divided by m(-3)?
100
Let x = -1 + 25. Suppose 0 = -4*f - m - 955, -4*f - 4*m = -0*f + 940. Let j = -170 - f. Calculate the remainder when j is divided by x.
22
Let h = 2682 + -2535. What is the remainder when 292 is divided by h?
145
Let w(s) = -s**2 - 5*s + 13. Let t be w(-6). Suppose -8 - t = -f. What is the remainder when 3*-11*8/(-6) is divided by f?
14
Let i = -89 + 97. What is the remainder when 20 is divided by i?
4
Suppose 472 + 43 = 5*t. Suppose -9*v + t - 13 = 0. What is the remainder when 44 is divided by v?
4
Let q = -1727 - -1738. What is the remainder when 0/1 - 112/(-4) is divided by q?
6
Suppose y - 84 = -2*f, 2*y - 120 = 2*f + 24. Let w = y - 62. What is the remainder when 54 is divided by w?
12
Let q(s) = 9*s - 5. Let m be (-184)/(-44) - (-12)/(-66). What is the remainder when q(m) is divided by 8?
7
Let g = 39 - 37. Calculate the remainder when 30*(12/(-10) + g) is divided by 9.
6
Let o = 2 - 19. Let h = -17 - o. Suppose h*b = 4*b - 16. What is the remainder when b is divided by 4?
0
Let i be (3/(-2))/(5/10). Let c be 47/(-4) - (-8)/(-32). Let q = i - c. What is the remainder when q is divided by 6?
3
What is the remainder when 23 is divided by 2 + 64/(-40) + 26/10?
2
What is the remainder when 130/3 - (-68)/102 is divided by 17?
10
Let r(x) = -x**3 + 8*x**2 + 12*x - 8. Let h be r(9). Let d(t) = t - 4. What is the remainder when (-85)/(-2) - 1/(-2) is divided by d(h)?
13
Suppose 4*u - 3888 = -2*u. Suppose 6*a = u + 36. What is the remainder when 55 is divided by a/4 + 3/6?
26
Suppose 0 = 3*g - 3*t - 8 - 1, 5*g + 2*t - 36 = 0. Suppose 3*v + 5*z = 30, -5*z + 9 + g = 2*v. What is the remainder when 58 is divided by v?
13
Let a(b) be the second derivative of 0*b**3 - 5*b + 1/12*b**4 + 2*b**2 + 0. Calculate the remainder when 12 is divided by a(0).
0
Let d = -6 + 7. Let l be d + 2/(-3 + 1). Suppose h - 25 - 16 = l. Calculate the remainder when h is divided by 21.
20
What is the remainder when 8/28 - (-131)/7 is divided by ((-8)/(-6))/(48/252)?
5
Calculate the remainder when 758/6 + 136/(-102) is divided by 10.
5
Let r = -65 - -73. Suppose -2*p = -6*p - 2*v, -2*p = 3*v + r. Calculate the remainder when (-46)/(-10) + (-4)/(-10) is divided by p.
1
What is the remainder when ((-12)/5)/(42/(-2240)) is divided by 53?
22
Suppose f = -4*z + 68, -2*z + 12 = z. Let n(r) = -79*r - 529. Calculate the remainder when n(-8) is divided by f.
51
Let k = -94 + 131. Let u = -14 + 7. Calculate the remainder when k is divided by 2*((-133)/2)/u.
18
Let u = -2266 + 2331. Calculate the remainder when 136 is divided by u.
6
Let s = 11 + -15. What is the remainder when (65 - (3 - 1)) + s is divided by 12?
11
Let s be (-8)/(-12)*(-6 - 3). Let q be (3/2)/(s/(-40)). What is the remainder when 33 is divided by (7/(-3))/(q/(-30))?
5
Suppose 4 - 132 = -2*t. Suppose -5*l + 2*c = -c - 136, -2*l = 2*c - t. Let d(p) = -p**3 - 8*p**2 - p + 2. What is the remainder when l is divided by d(-8)?
9
Let i(t) = -34*t - 32. Calculate the remainder when i(-2) is divided by 10.
6
Let i = -12 + 27. Suppose -2*p + i = s - 0*s, -5*p + 4*s = -57. Let z(f) = 4*f - 8. Calculate the remainder when z(p) is divided by 10.
8
Suppose 0 = 5*z + z + 24. Let r(o) = o**3 + 8*o**2 + 12*o + 9. Calculate the remainder when r(z) is divided by 7.
4
Let g(u) = u**2 + u + 1. Let q be g(5). Let k = 44 - q. Calculate the remainder when (-1)/(-4 - -3) + 24 is divided by k.
12
Let v(o) = -o**2 + 17*o + 5. What is the remainder when v(6) is divided by 12?
11
Let p be (1 + (-1 - 0) + 1)*4. Let m(z) = -6*z + 2. What is the remainder when (-1 - 101)*(-2)/p is divided by m(-4)?
25
Suppose -2*a + 0*a - 318 = -5*q, 3*a + 253 = 4*q. What is the remainder when 127 is divided by q?
63
Suppose -2*t = 2*m - 28, 5*m - 2*t - 79 = 2*t. Let n = m - -48. What is the remainder when n is divided by 32?
31
Suppose 3*n = -3*f + 129, -21*f + 22*f = -4*n + 46. What is the remainder when f is divided by 23?
19
Let j(g) = -g**2 + 15*g - 11. Let b be j(14). Let y be (-55)/20 - b/(-4). Calculate the remainder when (2/(-6))/(y/84) is divided by 5.
4
Let r(m) be the third derivative of 5*m**4/12 - 31*m**3/3 - 10*m**2. What is the remainder when r(23) is divided by 19?
16
Let v = -458 + 518. Calculate the remainder when 118 is divided by v.
58
Suppose -14 = -u + 24. Calculate the remainder when u is divided by -2 - -7*(-3)/28*-20.
12
Let r be -1 + 7/1 - 3. Suppose 3*h + 22 = 5*j, -2*j + 9 + 3 = 2*h. Suppose r*q = j*q - 18. Calculate the remainder when 35 is divided by q.
8
Let k = -1 + 5. Suppose -k*t + w = -56, -2*t + 6*w - 3*w + 28 = 0. What is the remainder when 53 is divided by t?
11
Let z(u) = 84*u + 1 - 93*u - 2*u**3 - 1 + 21*u**2. What is the remainder when z(10) is divided by 5?
0
Suppose 2*g + 3*h - 141 = 0, -133 = -2*g + 3*h + 2*h. Let k = g + -118. What is the remainder when 0 + 1 + 2 - k is divided by 14?
10
Suppose -2 = z - 5. Let f = z + 15. Calculate the remainder when f is divided by (-1)/(-6)*(-35)/(385/(-726)).
7
Suppose -m = 3 + 1, 5*i + 4*m - 94 = 0. Calculate the remainder when i is divided by 12.
10
Let q(m) = -m + 4. Let i be q(14). Let c be (-8)/i*15/(-6). Calculate the remainder when 49 is divided by (17/c)/(5/(-10)).
15
Let b(t) = t**2 - 8*t - 10. Let p be b(12). Let w = 53 - p. What is the remainder when 44 is divided by w?
14
Let t(n) = -n**2 + 3*n + 10. Let z be t(-8). Let l = 47 + z. Let w = -21 - l. What is the remainder when 29 is divided by w?
9
Let n = 34 + -58. Let o be ((-1)/4)/(3/n). Calculate the remainder when (o*(-38)/4)/(-1) is divided by 10.
9
Let n be (-8)/(-2)*6/(-8). Let p(i) = -20*i + 3. Let j(y) = y**3 - 3*y**2 - 3*y + 12. What is the remainder when p(n) is divided by j(4)?
15
Suppose -5*p - 17 = -f, 2*p - 3*f = 3*p - 3. Let h be -2 + p/(-3) + 11. Calculate the remainder when 4 is divided by h/5 - (0 - 2).
0
Let o = 83 - 50. Let a = 2 - -4. Suppose 8*u - a*u = 18. What is the remainder when o is divided by u?
6
What is the remainder when 852/12 - (-3)/(9/12) is divided by 13?
10
Suppose 30*o = 27*o + 27. Let f = -41 - -48. What is the remainder when o is divided by f?
2
Suppose 6*a = -3*q + 2*a + 12, 0 = -2*a. Suppose -l = -q*f - 79, -163 = -4*l + 2*f + 167. Calculate the remainder when l is divided by 29.
25
Suppose 1734 + 546 = 38*o. What is the remainder when o is divided by 14?
4
Suppose 2*s + 5 = 15. Suppose 156 = h + s*h. Calculate the remainder when 72 is divided by h.
20
Suppose -9*h + 4*h + 110 = r, 5*h - 440 = -4*r. Let t = r + -93. What is the remainder when 1*1/(-2)*-62 is divided by t?
14
Suppose -3*f = 28*f - 1178. What is the remainder when f is divided by 3?
2
Let y = 19 - -106. Suppose -6 - 26 = -j - 2*d, y = 4*j + 5*d. What is the remainder when 61 - (2 - 3)*-2 is divided by j?
29
Let h = -79 + 186. Calculate the remainder when h is divided by 22.
19
Let a = 140 + -140. Suppose -5*n - 2*x + 175 = -25, -2*n - 5*x + 101 = a. What is the remainder when n is divided by (-4)/5*(-1 - 24)?
18
Suppose 29*h + 24 = 2*q + 27*h, h = -5*q + 48. Calculate the remainder when 128 is divided by q.
8
Let i = 7 - 13. Let r(l) = l**3 + 6*l**2 - 4*l - 2. Suppose -y - 164 = -5*y. Calculate the remainder when y is divided by r(i).
19
Let u(y) = 3*y. Let x